i(-5). Let n be 3/1*(u - 1). What is the highest common divisor of d and n?
1
Suppose 2*c - 4*q + 84 = 288, 0 = 3*c + q - 257. What is the greatest common divisor of c and 25784?
88
Let i be -4 + (-6)/(-2 + 8 + -4). Let t be i/(-5) - 1 - 5665/(-275). Let w = -3 - -6. What is the highest common factor of t and w?
3
Suppose -60*w - 33*w = -177445 - 469556. What is the greatest common factor of w and 18?
9
Let s(h) = 7*h**2 - 22*h - 9. Let k be s(-6). Let m = k + -143. Suppose 2*c = m - 62. Calculate the highest common factor of 34 and c.
17
Suppose 46924 = 174*i - 69134. What is the greatest common factor of 29 and i?
29
Let r(m) = 7*m + 8337. Let i be r(-49). Calculate the greatest common factor of i and 35.
7
Suppose 4*d = 6 - 22, -18 = -m - d. Let w be -1 + 7 + 5 + m. Calculate the greatest common factor of w and 473.
11
Let w = -112 - -168. Let n(j) = -j**3 + j**2 + 40*j + 23. Let a be n(-6). What is the greatest common divisor of w and a?
7
Let a be 9/2 - 150/(-60). Suppose 19 = a*b - 2. Suppose 3*l + 0*l + b*f - 396 = 0, -3*l = 5*f - 390. What is the highest common factor of l and 54?
27
Let n(t) = 12*t**2 - 12*t + 46. Let l be n(9). What is the greatest common divisor of 5824 and l?
182
Let w be 207/42 + 20/280. Let q = 2 + 1. Suppose 14 = j + q*f, -2*f = w*j + 13 - 83. Calculate the greatest common divisor of 112 and j.
14
Let c(p) = -2*p**2 + 338*p - 3416. Let s be c(145). Calculate the highest common divisor of 80 and s.
8
Suppose -649*g + 516*g + 15561 = 0. What is the greatest common factor of 1872 and g?
117
Let p be 714/3 - (37 + -18 + -15). Let t(j) = 36*j**2 + j - 1. Let u be t(1). What is the greatest common factor of p and u?
18
Let x = -262 + 2225. Calculate the highest common divisor of x and 52.
13
Suppose -295 = -41*s + 525. What is the greatest common divisor of 95 and s?
5
Suppose -3*y - 1148 = -3*p + 781, 5*y = 25. What is the highest common factor of 189 and p?
27
Let s(c) = 11*c**2 - 6*c + 23. Let r be s(5). Calculate the greatest common divisor of 871 and r.
67
Let k(w) = 10*w - 4. Let a be k(3). Suppose -4*i + 4*o = -i - a, -5*i + o = -32. Suppose 0 = -8*n + 21*n - 234. What is the greatest common factor of i and n?
6
Suppose -y + 86 = y. Let g(p) = -1072*p + 10873. Let r be g(10). Suppose -11*t - y = -r. What is the highest common divisor of t and 190?
10
Suppose 8800*v = 8797*v + 4212. What is the highest common divisor of v and 91?
13
Let c(p) = 11*p - 588. Let g be c(66). What is the highest common factor of g and 1886?
46
Let q = 180 - 160. Suppose -q*i + 17*i = -3. Calculate the highest common factor of i and 22.
1
Let r(p) = 2*p**2 - 31*p + 21. Let o be r(15). Let s be (-3*116/(-6))/(o/33). What is the greatest common factor of s and 29?
29
Let x = 16238 - 15246. Calculate the highest common divisor of x and 403.
31
Suppose -25057 = -57*a + 20429. What is the highest common factor of a and 5358?
114
Let l(n) be the third derivative of -n**6/120 + 13*n**5/60 - 17*n**4/24 + 23*n**3/2 + 9*n**2. Let p be l(11). Calculate the highest common divisor of 93 and p.
31
Let z(a) = 5*a + 35. Let q(l) = -21*l - 138. Let s(b) = 2*q(b) + 9*z(b). Let f be s(-5). Calculate the greatest common factor of f and 132.
12
Let u(i) = 28*i - 21. Suppose 5*x - 4 + 34 = -f, -4*x + 2*f = 10. Let a be u(x). Let l = -46 - a. What is the highest common divisor of 46 and l?
23
Let l(x) = x**2 + 15*x + 74. Let d be l(-11). Suppose -70*c + d = -65*c. Calculate the highest common divisor of c and 570.
6
Let f(p) = p + 3. Let y be f(1). Suppose y*k = -k + 105. Let c = k + -20. Calculate the greatest common divisor of c and 4.
1
Suppose 85*g = 95*g - 10. Let m(z) = 78*z**2 - z - 3. Let l be m(g). What is the greatest common divisor of l and 407?
37
Let c be 88680/90 - (-2)/3. What is the highest common factor of c and 464?
58
Suppose 7*z = 12*z - 2*t - 668, -z + t = -136. Calculate the greatest common factor of z and 550.
22
Let y = -11 + 147. Suppose -1122 = 210*i - 243*i. What is the highest common divisor of y and i?
34
Let r be 15 + 99 - (-1 + 1). Calculate the highest common factor of 988 and r.
38
Let l be 2*-1*(-33)/22. Suppose l*d = -3*k + 4*k + 12, -5*d + 20 = -3*k. Let j = k + 3. Calculate the highest common divisor of 21 and j.
3
Let c be -38 + 40 + (-5)/5. What is the highest common divisor of c and 611?
1
Suppose 0 = 14*a - 19*a + 600. Suppose -40*t - a = -42*t. Let w = 22 - 10. Calculate the greatest common divisor of t and w.
12
Suppose -3*v = u - 13, v - 5*u + 3 = 18. Suppose 24 = -v*y + 6*y. Suppose -4*h - h + 1080 = 0. Calculate the highest common factor of h and y.
24
Let o be (692/(-8))/(3/(-6)) - 3. Let v(q) = -2*q - 2. Let b be v(-6). What is the highest common divisor of o and b?
10
Suppose -4*t + 5*w + 2223 = 0, t + 5*w - 9*w - 564 = 0. What is the highest common factor of 264 and t?
24
Suppose -48 = 5*m - 33. Let j(l) = -22*l + 12. Let q be j(m). Let u be (-11)/2*(-13)/(q/60). What is the highest common divisor of 5 and u?
5
Suppose -4543*p + 4552*p = 7560. What is the greatest common divisor of 448 and p?
56
Let p(d) = 14*d**2 + 31*d - 29. Let j be p(-12). Suppose j*c = 1622*c - 98. Suppose 22 - 8 = u. Calculate the highest common divisor of u and c.
14
Suppose -66*d + 10805 = -66132 + 17537. What is the greatest common divisor of 252 and d?
36
Let n be 64/384 + (-2)/12 + 76. What is the highest common divisor of 188 and n?
4
Suppose -3*o + 6 = -3*z + 4*z, -5*o + 10 = 0. Suppose z = -2*d + 7*d + 5*t - 610, 2*t - 10 = 0. Calculate the greatest common divisor of d and 26.
13
Suppose -2*t - 41 = 29. Let y = 24 + t. Let o be y/(3/6*-2). What is the highest common factor of o and 88?
11
Let p be (-3021)/(-106) + (2/(-3) - 2/(-12)). Calculate the greatest common divisor of p and 378.
14
Let x(u) = 6*u**3 - 4*u**2 + 7*u - 1. Let c = 66 - 72. Let h be -4 - (-4 + c/3). Let a be x(h). What is the greatest common factor of a and 5?
5
Let p = 3722 + -3428. Calculate the greatest common factor of p and 112.
14
Let u be (0 - (-204)/9)*(-3)/(-1). Let k be (-315)/(-3)*u/85. What is the highest common divisor of 189 and k?
21
Let o be (63/(-28)*-5)/((-9)/(-624)). Suppose 619*d - 629*d = -o. Calculate the highest common divisor of 195 and d.
39
Let d(n) = -2*n**3 - 9*n**2 + 24. Let b be d(-4). What is the greatest common factor of 324 and b?
4
Suppose -4*q + 290 = -2*n, -3*n = -4*q - 28 + 319. Calculate the highest common factor of q and 576.
72
Let t be 488/7 - (-140)/490. Calculate the greatest common divisor of 830 and t.
10
Let r(p) = 2*p**3 - 2*p + 329. Let v be r(17). Calculate the highest common divisor of 29 and v.
29
Let m(f) = 2*f + 8. Let a be m(-7). Let c be (-268)/32 + -2 - 48/(-128). Let w be a/c*(26 + -16). Calculate the highest common divisor of 54 and w.
6
Let g(r) = 35*r**3 - 3*r**2 + r + 13. Let c be g(3). Let d = 998 - c. Suppose f - 64 = -f. What is the greatest common divisor of f and d?
32
Let m(o) = -1040*o + 11451. Let i be m(11). Let h(k) = 181*k - 4. Let t be h(3). What is the highest common divisor of i and t?
11
Suppose 4*v + k = 837, 0*k - 201 = -v - 3*k. Suppose 7592*f + 14868 = 7769*f. What is the highest common factor of v and f?
42
Let d = 5 - -7. Let p be 3*(2 + -3) + 5 + 15. Suppose 0 = 8*k - 81 + p. Calculate the greatest common factor of k and d.
4
Suppose 53*t - 2340 = -74*t + 101*t. Calculate the highest common factor of 6 and t.
6
Let u be (-5 - -3) + (48 - -6216). What is the greatest common divisor of u and 186?
62
Let s(l) = 4*l**3 - 59*l**2 - 35*l + 460. Let m be s(15). What is the highest common factor of 135 and m?
5
Let c be ((-10965)/2)/(21/(-14)). Calculate the greatest common divisor of c and 1105.
85
Suppose 0 = 2*m - g - 64, -111*m - 4*g = -116*m + 163. What is the greatest common divisor of 3937 and m?
31
Let m = 180 + 1282. Calculate the greatest common factor of m and 34.
34
Let l be -2 - (-1701)/24 - 4/(-32). Suppose -3*s + l = -75. Let k be (90/(-12))/((-9)/s). Calculate the highest common factor of 440 and k.
40
Let p be -8 - (2/(-3) + 155572/(-12)). Calculate the highest common divisor of 21 and p.
21
Let b(w) be the first derivative of w**4/4 - 8*w**3/3 + 6*w**2 + 10*w - 109. Let m be b(6). Calculate the greatest common divisor of m and 120.
10
Let r be -9 + 11 - (-1)/3*0. 